m + 0*m + 19 = 0, 3*u - 3 = 4*m. Suppose j + 6 = -3*z - 3, -2*z - 6 = j. Let a = u + j. What is the units digit of a?
5
Let c(a) = -a**2 - 18*a - 12. What is the tens digit of c(-11)?
6
Let v = -36 - -64. Suppose 3 = -5*p + v. Suppose -h - h + 4 = 0, 22 = 3*f + p*h. What is the units digit of f?
4
Suppose -2 + 107 = 5*d. What is the units digit of d?
1
Suppose 3*l + 4*t - 48 = 5*t, 0 = -l - t + 12. What is the units digit of l?
5
Suppose 0 = 2*y + 3*y - 1095. What is the tens digit of y?
1
Suppose p + f - 218 = 0, 0*f + 5*f - 202 = -p. What is the units digit of p?
2
Let s be (-1 - -4)*1 - 6. Let g be 9 - s*6/(-9). Let t = g - 6. What is the units digit of t?
1
Suppose -3*p + 5*u + 33 = 0, -2*u = -u - 3. What is the units digit of p?
6
Let j be (0 - 0)*(-4)/(-8). Suppose -m = 4*m + 4*u - 6, j = 3*u + 3. What is the units digit of m?
2
Let w(l) = l**2 + 9*l + 2. Let u be w(-10). Suppose 6*i - 2*i = u. Suppose h = i*h - 24. What is the units digit of h?
2
Let s = 75 - 32. What is the units digit of s?
3
Let b(c) be the second derivative of 3*c**4/4 - c**2/2 - 4*c. What is the units digit of b(1)?
8
Let c(d) = 151*d**2 + 5*d + 3. What is the units digit of c(-1)?
9
Let s = 37 - 31. Let h(b) be the first derivative of -b**4/4 + 7*b**3/3 - 2*b**2 - 2*b + 1. What is the tens digit of h(s)?
1
Suppose 0 = -5*b - 11 - 89. Let u = -14 - b. Suppose -5*r = -u - 9. What is the units digit of r?
3
Suppose -8*a = -0*a - 736. What is the units digit of a?
2
Let n(q) = -2 + 2*q - 4*q + q. Let p be (2/3)/(40/(-420)). What is the units digit of n(p)?
5
Suppose 104 = 5*x - k, -5*k + 14 - 54 = -x. What is the units digit of 6/(-2)*x/(-6)?
0
Let g = 8 - -2. What is the tens digit of g?
1
Suppose 0 = -4*m + 2*i + 224 - 26, 2*i = -m + 52. What is the tens digit of m?
5
Suppose 0*t + 5*t = 125. Let a = t - 7. What is the tens digit of a?
1
Suppose -4*s - 16 = 0, 2*r - 7*r = 2*s + 13. Let q be (-5)/10*(r - 13). What is the units digit of (q - 3) + -1 + -1?
2
Let a(y) = -3*y - 7. Let u be a(-8). Suppose 0 = 4*x - 3*x + 5*m + u, 2*x - 4*m = 36. What is the units digit of x?
8
Let m be 2/8 + 9/(-4). Let n = m - -6. Suppose n*z = -0*t - 5*t + 53, 3*t = -4*z + 43. What is the units digit of z?
7
What is the units digit of (58/(-87))/(1*2/(-15))?
5
Let p(y) = y - 1. Let o be p(0). What is the units digit of o/(-3)*9*2?
6
Let t = -23 - -24. What is the units digit of t?
1
Let m be -5*(-2 + 52/20). Let u = m - -17. What is the tens digit of u?
1
Let b = -1 + 34. What is the units digit of b?
3
Suppose 2*l + 4*c + 5 = 45, -5 = -c. Let h = l - -5. What is the units digit of h?
5
Let i be (-2)/8 - (-22)/(-8). Let c(a) = 2*a**2 + 2*a + 2. Let g be c(-3). Let j = g + i. What is the tens digit of j?
1
Let a be 7/((-14)/(-100)) - 3. Let q = -11 + a. What is the units digit of q?
6
Suppose 4*w - w = -18. What is the units digit of 1 - 1 - w*1?
6
Suppose 2*o - 117 - 45 = 0. Suppose k = -2*k + o. Let t = k - 10. What is the units digit of t?
7
Suppose -c + 4*t = -0*c - 413, 776 = 2*c + 2*t. What is the units digit of c?
3
Let a(x) = -x**3 - x**2 + 40. What is the tens digit of a(0)?
4
Let r be 0 + 0 + 2 - 2. Suppose r*b + 2 = b. Let y = b + 3. What is the units digit of y?
5
Let b be 8/(-28) + 99/(-21). Let z(y) be the second derivative of -y**4/12 - 4*y**3/3 - 3*y**2/2 + 3*y. What is the units digit of z(b)?
2
Let f = -6 + 8. Suppose -6 = -r - 2*r - 3*x, -f = -2*r - 4*x. Suppose u - 14 + r = 0. What is the units digit of u?
1
Let f(c) = c**3 + 4*c**2 + 3*c + 3. Let k be f(-3). Suppose -32 = -y + k*r - 3, 5*r = 4*y - 116. What is the units digit of y?
9
Suppose 0 = -2*r + 1 - 7. What is the units digit of (-13)/r + (-8)/(-12)?
5
Let l = 16 + -3. Let o = 55 - l. What is the tens digit of o?
4
Let c(z) be the first derivative of z**3/3 + z**2/2 - 4*z + 1. Let b be c(-3). Suppose 5*l - 10 = -5*v, -2 = 3*v - 4*v - b*l. What is the units digit of v?
2
Let g(j) = j + 7. Let i be 2/(0 + (-3)/12). Let t be g(i). What is the units digit of (-4)/(-8) - t/2?
1
Suppose 5*b - b = -36. What is the units digit of 100/45 - (-2)/b?
2
What is the tens digit of (2/3)/(3/54)?
1
Let t be 2 + -1 - (1 + -3). What is the units digit of -1 - -2 - (t + -5)?
3
Let q(j) = -j**3 + 6*j**2 + 6*j - 7. What is the tens digit of q(5)?
4
Suppose -2*t - 4*a - 2 = 0, 2*t - 3*t + 13 = -5*a. Suppose -41 + 125 = t*v. Suppose 0 = f - 5*f + v. What is the units digit of f?
7
Let p = 13 + 24. What is the tens digit of p?
3
What is the units digit of 11*3/(-9)*-18?
6
Let u(r) = -7*r - 22. Let p(m) = 6*m + 21. Let b(t) = 6*p(t) + 5*u(t). What is the tens digit of b(0)?
1
Let c = 207 + -58. What is the hundreds digit of c?
1
Let p = 231 + -117. What is the tens digit of p?
1
Suppose 2*b - 88 = -0*b. What is the units digit of b?
4
Let f be (-1)/(6/4)*-6. Let l = -1 - 0. Let c = l + f. What is the units digit of c?
3
Let w be -5 + 1 + 19 + -11. Suppose -2*f = -w*g - 120 + 36, 2*f - 84 = 2*g. What is the tens digit of f?
4
What is the units digit of ((-6)/(-12))/((-1)/(-42))?
1
Let m(y) = y**3 + 5*y**2 - 2*y - 7. Let n be m(-5). Suppose -2*q - 8 = -n*i, -5*i + 5*q = -13 + 3. Suppose 3*g - g = i. What is the units digit of g?
2
Let y(x) = 2*x**3 + 3*x**2 - 2. Let d(l) = -l**3 - 5*l**2 - 3*l + 1. Let m be d(-4). Let c be y(m). Let j = -14 - c. What is the units digit of j?
5
Suppose -4*b = -5*d - 579, 0*b + 138 = b + d. Suppose 3*p - b = -4*k - 22, k = -p + 31. What is the tens digit of k?
2
Let y = 364 - 248. What is the tens digit of y?
1
Let g be (12/(-16))/(3/24). Let h = -1 - g. Suppose -j + h = -10. What is the tens digit of j?
1
Suppose 9 = -5*d - 1. Let x be 11/(-1 + (-4)/d). Let u = x + -7. What is the units digit of u?
4
Let x = 9 - -11. What is the units digit of x?
0
Let z be 14/6 + 2/(-6). Suppose -5*s + 116 = -2*h, z*h = -5*s + 6*h + 122. Let p = s - 7. What is the tens digit of p?
1
Suppose 29 = x - u, -2*x - 5*u - 121 = -6*x. Let m(o) = -14*o**3 - o**2 - o. Let l be m(-1). Let s = x - l. What is the units digit of s?
0
What is the tens digit of 174 - (-5)/(30/(-18))?
7
Let p(h) = -h**3 - 2*h**2. Let t be p(-3). Let d = t + -1. What is the units digit of d?
8
Let m = -139 - -205. What is the units digit of m?
6
Let v = 20 + 22. Suppose s - 4*u = -s + 12, 2*u - v = -5*s. What is the units digit of s?
8
Suppose 0 = -0*f - f + 3. Suppose -a - 3*j - f = 0, 2*a - 4*j + 0 + 6 = 0. What is the units digit of (-6)/a*14/4?
7
Let p(l) = l + 7. Let f(y) = 2*y**2 - 5*y + 3. Let i be f(3). What is the units digit of p(i)?
3
Let b be 1 - (0 + (-17 - 2)). Suppose -p + b = 3*p. Suppose k = -3*y + 3*k + 28, 0 = -p*y + k + 49. What is the units digit of y?
0
Let x(k) = -k**3 + 6*k**2 - 5. What is the tens digit of x(5)?
2
Let q = 12 - -15. What is the tens digit of q?
2
Suppose 0 = t + j - 27, 0 + 7 = t + 5*j. What is the tens digit of t?
3
Let d = -12 + 14. Let i = -12 + 21. Suppose d*q - 5 = i. What is the units digit of q?
7
Let c = -41 + 74. What is the tens digit of c?
3
Suppose 0 = -2*d - z + 4, -d - 3*z + 4 = -2*z. Suppose 3*k - 90 = -d*k. What is the tens digit of k?
3
Suppose 6*x - 104 = 2*x. What is the units digit of x?
6
Let l = 2 - 6. Let o be (1 + 1)*(-5 - l). What is the units digit of (-20)/25*5/o?
2
Suppose q - 17 = -4*y, 2*q + 5 = 7*y - 2*y. Let g be (-2)/q - 103/5. Let i = 33 + g. What is the tens digit of i?
1
Let l be (-1)/(2/2*-1). Let d be (8 - 0)/(l + 1). Suppose -13 = -j + d*n, -j - 12 = 2*j + 5*n. What is the units digit of j?
1
Let t(y) = 2*y + 12*y**2 - 12*y + 4 + y**3 - 2*y**3. What is the units digit of t(11)?
5
Suppose -5*l + 715 = -0*s + 4*s, s - 2*l = 169. Suppose 5*h = -0*h + s. What is the tens digit of h?
3
What is the tens digit of (12/(-10))/(((-96)/(-2010))/(-8))?
0
Let i(g) = g. Let d = -6 + 6. Let b be i(d). Suppose b*h = 3*h - 9. What is the units digit of h?
3
What is the tens digit of (-2)/7 - (-3248)/49?
6
Let r(b) = -7*b - 1. Suppose 5*p - 25 = 0, 0*p + p - 14 = 3*o. What is the tens digit of r(o)?
2
Suppose 30 = 4*w + 5*s, -2*w + 3*s + 4 = -0*s. What is the units digit of w?
5
Suppose -402 = -7*n + n. What is the units digit of n?
7
Suppose 4*d = 3*d - m + 43, -175 = -5*d + 3*m. What is the tens digit of d?
3
Suppose 22*v + 57 = 23*v. What is the units digit of v?
7
Let r be (18/(-8))/((